{"id":52,"date":"2024-03-12T17:13:51","date_gmt":"2024-03-12T16:13:51","guid":{"rendered":"https:\/\/geneagesves.eu\/home\/?page_id=52"},"modified":"2025-07-10T13:36:33","modified_gmt":"2025-07-10T11:36:33","slug":"accueil","status":"publish","type":"page","link":"https:\/\/geneagesves.eu\/home\/","title":{"rendered":"G\u00e9n\u00e9alogie Belgique"},"content":{"rendered":"\n<p class=\"has-text-align-center has-small-font-size\" style=\"line-height:1\">Avec le soutien de la Commune de Gesves<\/p>\n\n\n\n<blockquote class=\"wp-block-quote is-style-default has-medium-font-size is-layout-flow wp-block-quote-is-layout-flow\">\n<p class=\"has-medium-font-size\" style=\"margin-top:8px;margin-bottom:8px;line-height:1\"><strong>L\u2019 Asbl G\u00e9n\u00e9agesves est une association compos\u00e9e de b\u00e9n\u00e9voles.<\/strong><\/p>\n\n\n\n<p class=\"has-medium-font-size\" style=\"margin-top:8px;margin-bottom:8px;line-height:1\"><strong>Charles Malherbe, pr\u00e9sident d\u2019honneur, a cr\u00e9\u00e9 l\u2019Asbl en 2008.<\/strong><\/p>\n\n\n\n<p class=\"has-x-large-font-size\"><strong><em>EXCLUSIF&nbsp;<\/em>&nbsp;<a href=\"https:\/\/geneagesves.eu\/geneagesvesplus\/\" target=\"_blank\" rel=\"noreferrer noopener\">G\u00e9n\u00e9agesvesPlus<\/a><\/strong><\/p>\n\n\n\n<p class=\"has-small-font-size\"><em>Base de donn\u00e9es reprenant des photos d\u2019Actes (\u00e9chevinages, notaires, &#8230;), Faire-Part, H\u00e9raldique, Cimeti\u00e8res, Orphelins, Testaments, Cartes Postales<\/em><\/p>\n\n\n\n<p class=\"has-medium-font-size\" style=\"margin-top:0;margin-bottom:0;padding-top:0;padding-bottom:0\"><strong>Et bien s\u00fbr, notre base de donn\u00e9es <a href=\"https:\/\/www.geneagesves.eu\/actes\/login.php?cas=2&amp;uri=%2Factes%2Fchercher.php\" target=\"_blank\" rel=\"noreferrer noopener\">Expoactes<\/a> <em>am\u00e9lior\u00e9e<\/em><\/strong> \u00a9 G\u00e9n\u00e9agesves<\/p>\n\n\n\n<ul class=\"wp-block-list\">\n<li class=\"has-small-font-size\"><em>Dans les patronymes et les pr\u00e9noms, % remplace une chaine de caract\u00e8res, _ remplace 1 caract\u00e8re<\/em><\/li>\n\n\n\n<li class=\"has-small-font-size\"><em>Mise en ligne ou modification des actes: ann\u00e9es \u00e0 partir de XXX (jusque YYY)<\/em><\/li>\n\n\n\n<li class=\"has-small-font-size\"><em>Nom et pr\u00e9noms des parents affich\u00e9s pour les actes NBMD<\/em><\/li>\n<\/ul>\n<\/blockquote>\n\n\n\n<p class=\"has-text-align-center has-x-large-font-size\"><strong>Evolution de nos 2 bases de donn\u00e9es<\/strong><\/p>\n\n\n\n<p class=\"has-medium-font-size\"><strong><em>Photos <\/em><\/strong>d\u2019Actes (\u00e9chevinages, notaires, &#8230;), Faire-Part, H\u00e9raldique, Cimeti\u00e8res, Orphelins, Testaments, Cartes Postales<\/p>\n\n\n\n<figure class=\"wp-block-table\"><table><tbody><tr><td><strong>Evolution<\/strong><\/td><td><strong><strong><strong>30.11.2024<\/strong><\/strong><\/strong><\/td><td><strong>10.07.2025<\/strong><\/td><\/tr><tr><td>Notaires\/Testaments<\/td><td><strong>125.172<\/strong><\/td><td><strong>130.628<\/strong><\/td><\/tr><tr><td>Faire-part<\/td><td>62.474<\/td><td><strong>63.589<\/strong><\/td><\/tr><tr><td>Cimeti\u00e8res<\/td><td>7.036<\/td><td>7.036<\/td><\/tr><tr><td>H\u00e9raldique\/Blason<\/td><td>448<\/td><td>448<\/td><\/tr><tr><td>Cartes postales<\/td><td>2.347<\/td><td>2.347<\/td><\/tr><tr><td><strong>Total inclus divers<\/strong><\/td><td><strong><strong><strong>237.461<\/strong><\/strong><\/strong><\/td><td><strong>238.579<\/strong><\/td><\/tr><\/tbody><\/table><figcaption class=\"wp-element-caption\">Evolution du nombre de photos<\/figcaption><\/figure>\n\n\n\n<p class=\"has-medium-font-size\"><strong><em>Relev\u00e9s d\u2019actes<\/em><\/strong> permettant des recherches de Bapt\u00eames\/Naissances, Mariages, D\u00e9c\u00e8s et autres \u00e9v\u00e8nements<\/p>\n\n\n\n<figure class=\"wp-block-table\"><table><tbody><tr><td><strong>Evolution<\/strong><\/td><td><strong><strong>03.04.2024<\/strong><\/strong><\/td><td><strong>30.11.2024<\/strong><\/td><td><strong>10.07.2025<\/strong><\/td><\/tr><tr><td>Naissances\/Bapt\u00eames<\/td><td>1.788.726<\/td><td>1.798.427<\/td><td><strong>1.810.868<\/strong><\/td><\/tr><tr><td>Mariages<\/td><td>495.255<\/td><td>498.635<\/td><td><strong>504.066<\/strong><\/td><\/tr><tr><td>D\u00e9c\u00e8s<\/td><td>892.740<\/td><td>900.682<\/td><td><strong>909.520<\/strong><\/td><\/tr><tr><td><strong>Total inclus divers<\/strong><\/td><td><strong><strong>3.180.924<\/strong><\/strong><\/td><td><strong>3.208.148<\/strong><\/td><td><strong><strong>3.234.726<\/strong><\/strong><\/td><\/tr><\/tbody><\/table><figcaption class=\"wp-element-caption\">Evolution du nombre de relev\u00e9s d\u2019actes<\/figcaption><\/figure>\n","protected":false},"excerpt":{"rendered":"<p>Avec le soutien de la Commune de Gesves Evolution de nos 2 bases de donn\u00e9es Photos d\u2019Actes (\u00e9chevinages, notaires, &#8230;), Faire-Part, H\u00e9raldique, Cimeti\u00e8res, Orphelins, Testaments, Cartes Postales Evolution 30.11.2024 10.07.2025 Notaires\/Testaments 125.172 130.628 Faire-part 62.474 63.589 Cimeti\u00e8res 7.036 7.036 H\u00e9raldique\/Blason 448 448 Cartes postales 2.347 2.347 Total inclus divers 237.461 238.579 Evolution du nombre de [&hellip;]<\/p>\n","protected":false},"author":1,"featured_media":0,"parent":0,"menu_order":0,"comment_status":"closed","ping_status":"closed","template":"","meta":{"_seopress_robots_primary_cat":"","_seopress_titles_title":"","_seopress_titles_desc":"","_seopress_robots_index":"","footnotes":""},"class_list":["post-52","page","type-page","status-publish","hentry"],"_links":{"self":[{"href":"https:\/\/geneagesves.eu\/home\/wp-json\/wp\/v2\/pages\/52","targetHints":{"allow":["GET"]}}],"collection":[{"href":"https:\/\/geneagesves.eu\/home\/wp-json\/wp\/v2\/pages"}],"about":[{"href":"https:\/\/geneagesves.eu\/home\/wp-json\/wp\/v2\/types\/page"}],"author":[{"embeddable":true,"href":"https:\/\/geneagesves.eu\/home\/wp-json\/wp\/v2\/users\/1"}],"replies":[{"embeddable":true,"href":"https:\/\/geneagesves.eu\/home\/wp-json\/wp\/v2\/comments?post=52"}],"version-history":[{"count":52,"href":"https:\/\/geneagesves.eu\/home\/wp-json\/wp\/v2\/pages\/52\/revisions"}],"predecessor-version":[{"id":10560,"href":"https:\/\/geneagesves.eu\/home\/wp-json\/wp\/v2\/pages\/52\/revisions\/10560"}],"wp:attachment":[{"href":"https:\/\/geneagesves.eu\/home\/wp-json\/wp\/v2\/media?parent=52"}],"curies":[{"name":"wp","href":"https:\/\/api.w.org\/{rel}","templated":true}]}}